6 is divided by 6416?
164
Calculate the remainder when 3843 is divided by 154.
147
Calculate the remainder when 3437 is divided by 856.
13
Calculate the remainder when 60934 is divided by 342.
58
What is the remainder when 303596 is divided by 920?
916
What is the remainder when 9721 is divided by 54?
1
Calculate the remainder when 66341 is divided by 8288.
37
Calculate the remainder when 1172 is divided by 20.
12
Calculate the remainder when 163902 is divided by 32768.
62
What is the remainder when 6786 is divided by 276?
162
Calculate the remainder when 1268 is divided by 268.
196
Calculate the remainder when 502845 is divided by 54.
51
What is the remainder when 352214 is divided by 61?
0
Calculate the remainder when 875 is divided by 117.
56
Calculate the remainder when 37247 is divided by 301.
224
What is the remainder when 15699 is divided by 100?
99
What is the remainder when 301 is divided by 12?
1
Calculate the remainder when 19804 is divided by 98.
8
What is the remainder when 8807 is divided by 9?
5
What is the remainder when 2159 is divided by 913?
333
Calculate the remainder when 8090 is divided by 476.
474
Calculate the remainder when 4014 is divided by 517.
395
What is the remainder when 3285 is divided by 300?
285
Calculate the remainder when 5303 is divided by 4435.
868
What is the remainder when 54841 is divided by 712?
17
What is the remainder when 13344 is divided by 31?
14
What is the remainder when 9937 is divided by 1417?
18
Calculate the remainder when 225306 is divided by 14.
4
Calculate the remainder when 480 is divided by 157.
9
What is the remainder when 27037 is divided by 8922?
271
Calculate the remainder when 2282528 is divided by 10.
8
Calculate the remainder when 24229 is divided by 37.
31
Calculate the remainder when 109285 is divided by 331.
55
What is the remainder when 8249 is divided by 7910?
339
Calculate the remainder when 1328293 is divided by 442762.
7
Calculate the remainder when 81887 is divided by 12.
11
What is the remainder when 503656 is divided by 263?
11
Calculate the remainder when 7432 is divided by 172.
36
Calculate the remainder when 14477 is divided by 12.
5
Calculate the remainder when 400850 is divided by 14.
2
Calculate the remainder when 239094 is divided by 2.
0
What is the remainder when 18842 is divided by 58?
50
What is the remainder when 193691 is divided by 422?
415
Calculate the remainder when 1166 is divided by 47.
38
Calculate the remainder when 2985 is divided by 16.
9
Calculate the remainder when 87117 is divided by 3957.
63
Calculate the remainder when 21048 is divided by 1804.
1204
What is the remainder when 12440 is divided by 542?
516
Calculate the remainder when 7669 is divided by 285.
259
Calculate the remainder when 18786 is divided by 9391.
4
Calculate the remainder when 902771 is divided by 49.
44
What is the remainder when 259036 is divided by 82?
80
What is the remainder when 2807 is divided by 615?
347
What is the remainder when 3372721 is divided by 9?
7
Calculate the remainder when 2500 is divided by 353.
29
What is the remainder when 1335 is divided by 426?
57
What is the remainder when 392 is divided by 191?
10
What is the remainder when 3134 is divided by 107?
31
Calculate the remainder when 539261 is divided by 822.
29
Calculate the remainder when 72783 is divided by 387.
27
Calculate the remainder when 34854 is divided by 3842.
276
Calculate the remainder when 2552 is divided by 783.
203
Calculate the remainder when 27706 is divided by 243.
4
Calculate the remainder when 3951678 is divided by 10.
8
What is the remainder when 5413 is divided by 181?
164
Calculate the remainder when 6855 is divided by 169.
95
Calculate the remainder when 3227949 is divided by 312.
309
What is the remainder when 21262 is divided by 31?
27
What is the remainder when 3664 is divided by 21?
10
What is the remainder when 442732 is divided by 46?
28
Calculate the remainder when 1127916 is divided by 24.
12
Calculate the remainder when 6859 is divided by 125.
109
Calculate the remainder when 2821003 is divided by 45.
43
What is the remainder when 690680 is divided by 318?
302
What is the remainder when 51149 is divided by 6?
5
What is the remainder when 44230 is divided by 8?
6
What is the remainder when 13761 is divided by 86?
1
Calculate the remainder when 443294 is divided by 26.
20
What is the remainder when 52658 is divided by 26326?
6
What is the remainder when 4236 is divided by 1025?
136
Calculate the remainder when 28372 is divided by 379.
326
What is the remainder when 117211 is divided by 14?
3
Calculate the remainder when 24558 is divided by 1868.
274
What is the remainder when 7434 is divided by 266?
252
What is the remainder when 18982 is divided by 6326?
4
Calculate the remainder when 201345 is divided by 289.
201
Calculate the remainder when 69725 is divided by 6336.
29
Calculate the remainder when 11719 is divided by 2715.
859
Calculate the remainder when 33419 is divided by 296.
267
Calculate the remainder when 16834 is divided by 360.
274
What is the remainder when 296176 is divided by 20?
16
Calculate the remainder when 288695 is divided by 196.
183
What is the remainder when 50789 is divided by 116?
97
Calculate the remainder when 15913 is divided by 837.
10
Calculate the remainder when 2258 is divided by 188.
2
Calculate the remainder when 843776 is divided by 70.
66
Calculate the remainder when 48284 is divided by 19.
5
Calculate the remainder when 861 is divided by 228.
177
Calculate the remainder when 582363 is divided by 67.
66
Calculate the remainder when 585 is divided by 443.
142
What is the remainder when 2296420 is divided by 104?
100
What is the remainder when 2496171 is divided by 25?
21
Calculate the remainder when 7617 is divided by 596.
465
Calculate the remainder when 79711 is divided by 356.
323
Calculate the remainder when 10236 is divided by 20.
16
Calculate the remainder when 2276709 is divided by 18.
15
What is the remainder when 702 is divided by 318?
66
Calculate the remainder when 39358 is divided by 413.
123
Calculate the remainder when 130703 is divided by 130700.
3
Calculate the remainder when 49690 is divided by 37.
36
Calculate the remainder when 6579 is divided by 218.
39
What is the remainder when 293062 is divided by 20933?
0
Calculate the remainder when 13746 is divided by 1339.
356
Calculate the remainder when 27988 is divided by 430.
38
Calculate the remainder when 9725 is divided by 1253.
954
Calculate the remainder when 8123 is divided by 7961.
162
What is the remainder when 1175 is divided by 555?
65
Calculate the remainder when 1986 is divided by 17.
14
Calculate the remainder when 95788 is divided by 5.
3
Calculate the remainder when 4823 is divided by 138.
131
What is the remainder when 884 is divided by 22?
4
Calculate the remainder when 261 is divided by 76.
33
Calculate the remainder when 26390 is divided by 197.
189
What is the remainder when 467209 is divided by 467209?
0
Calculate the remainder when 136396 is divided by 179.
177
What is the remainder when 211241 is divided by 11?
8
What is the remainder when 50575 is divided by 10113?
10
Calculate the remainder when 33916 is divided by 73.
44
What is the remainder when 92091 is divided by 194?
135
What is the remainder when 13154 is divided by 6400?
354
Calculate the remainder when 1126 is divided by 179.
52
Calculate the remainder when 13452 is divided by 418.
76
What is the remainder when 270724 is divided by 91?
90
Calculate the remainder when 9653 is divided by 9432.
221
Calculate the remainder when 13747 is divided by 6856.
35
Calculate the remainder when 17663 is divided by 83.
67
What is the remainder when 2616 is divided by 20?
16
Calculate the remainder when 3167 is divided by 284.
43
What is the remainder when 1109 is divided by 726?
383
Calculate the remainder when 153399 is divided by 153386.
13
Calculate the remainder when 12014 is divided by 466.
364
What is the remainder when 1619870 is divided by 28?
14
Calculate the remainder when 21052 is divided by 40.
12
What is the remainder when 2733 is divided by 296?
69
Calculate the remainder when 144754 is divided by 48176.
226
What is the remainder when 4297 is divided by 438?
355
What is the remaind